e 14) in base 7?
41312265
Convert -112021212122221 (base 3) to base 13.
-175c108
What is 4f94db (base 16) in base 6?
303441335
-15acdc1 (base 15) to base 14
-213928c
Convert 5c4369 (base 13) to base 10.
2208579
What is 122614 (base 7) in base 10?
22600
111121212112 (base 3) to base 8
1013622
What is 12020202222 (base 3) in base 7?
610220
104244020 (base 6) to base 11
107a40a
Convert -86115 (base 12) to base 7.
-1333223
Convert -3b2831 (base 13) to base 10.
-1433836
Convert -3add4 (base 16) to base 5.
-30203413
Convert -3261316 (base 7) to base 5.
-100321340
Convert -2212220122 (base 3) to base 16.
-ddde
What is 1106904 (base 15) in base 5?
11104003104
12543103 (base 6) to base 16
660cf
Convert 2123300333 (base 4) to base 13.
194531
Convert -5dd54 (base 15) to base 13.
-a6723
12112203 (base 4) to base 14
96a7
Convert -1101011111010100 (base 2) to base 13.
-1c1c2
What is 4830842 (base 11) in base 3?
120211202111122
Convert -ae07 (base 16) to base 5.
-2411201
Convert 9b9349 (base 13) to base 12.
1293499
What is -34acb (base 13) in base 5?
-11040303
What is 3da777 (base 16) in base 2?
1111011010011101110111
110000101011011 (base 2) to base 5
1244143
Convert -1424a4 (base 11) to base 3.
-102022201122
7631704 (base 8) to base 15
2a5d48
17db35 (base 14) to base 4
3032031003
Convert 274515 (base 10) to base 11.
17827a
Convert -20332122 (base 4) to base 2.
-1000111110011010
Convert -410136 (base 7) to base 5.
-4212310
What is 430303 (base 7) in base 16?
12355
Convert -24342341 (base 5) to base 3.
-102201211111
Convert b565 (base 12) to base 6.
231405
-316139 (base 13) to base 2
-100011010001011111111
-2262525 (base 8) to base 2
-10010110010101010101
What is 313012313 (base 4) in base 13?
7b980
Convert 53a49 (base 13) to base 5.
14314042
What is 900984 (base 14) in base 16?
49e338
-911111 (base 10) to base 2
-11011110011100000111
Convert -825eb9 (base 15) to base 12.
-20a9aa9
What is -660238 (base 13) in base 4?
-21021310111
Convert -2561655 (base 7) to base 4.
-1101221100
Convert d2a30 (base 15) to base 10.
667170
-1132021233 (base 4) to base 8
-1361157
What is 1000001100010111111 (base 2) in base 9?
448250
What is 11108 (base 16) in base 4?
101010020
What is -81669 (base 10) in base 11?
-563a5
What is -3a7009 (base 14) in base 15?
-29c8b9
12000001101 (base 3) to base 6
2035444
Convert 313101311 (base 4) to base 9.
374528
101303321 (base 5) to base 7
3352036
What is -1485ac9 (base 13) in base 5?
-3134201214
What is -25101441 (base 6) in base 12?
-327881
1426 (base 9) to base 7
3066
Convert -7a2250 (base 12) to base 5.
-444443423
What is -44440460 (base 7) in base 12?
-1353352
-4055400 (base 6) to base 11
-123002
What is -21d7d (base 15) in base 2?
-11010010010010100
-222101222221 (base 3) to base 14
-d75cb
-1000012220112 (base 3) to base 4
-2002303010
Convert 6cb3b (base 13) to base 10.
199639
What is 1020665 (base 8) in base 15?
55368
-121012150 (base 6) to base 13
-621513
Convert -808b2 (base 12) to base 5.
-20322144
Convert -2381b (base 12) to base 9.
-72545
-2c3966 (base 16) to base 3
-12110020200122
Convert -1011101111010000111011 (base 2) to base 9.
-5710077
Convert 35370626 (base 8) to base 3.
112112200221221
Convert 9655c (base 13) to base 9.
452851
5208637 (base 9) to base 12
b21907
Convert 195593 (base 16) to base 13.
46193c
-212110 (base 3) to base 7
-1563
-6251364 (base 10) to base 9
-12677230
113072 (base 12) to base 7
2223164
21100212132 (base 4) to base 3
11120022121210
What is 1552e11 (base 15) in base 12?
5211351
What is c984c (base 14) in base 8?
1667634
What is 7aa61 (base 12) in base 13?
59812
759939 (base 12) to base 4
13012223331
What is 1111136 (base 7) in base 6?
2535312
Convert -1022100121 (base 3) to base 12.
-12aba
What is 363987 (base 11) in base 15?
b5abb
10010100110101101101100 (base 2) to base 16
4a6b6c
Convert 507c4 (base 16) to base 15.
67a2d
What is -12110120122 (base 3) in base 2?
-11010010001000001
-414140020 (base 5) to base 4
-12201023120
21125875 (base 9) to base 3
201010212222112
4027736 (base 8) to base 3
1222220012000
Convert -437187 (base 9) to base 15.
-52597
What is 1216b7 (base 12) in base 13?
a34c2
-422844 (base 9) to base 11
-161a24
-102310313011 (base 4) to base 3
-100021201200211
-1110000011110111011 (base 2) to base 11
-295177
What is 29ba0 (base 15) in base 8?
406152
Convert -1145677 (base 9) to base 3.
-1011112202121
Convert -27024644 (base 8) to base 3.
-102100212021200
What is a96eb (base 16) in base 2?
10101001011011101011
What is 101111010010010001 (base 2) in base 3?
100211200101
-174323 (base 11) to base 14
-701a2
Convert 1dc421 (base 16) to base 9.
3602833
-11220020333 (base 4) to base 5
-334201020
What is -1e718 (base 15) in base 14?
-28373
Convert 22237 (base 14) to base 11.
571a8
Convert -210221021 (base 3) to base 7.
-64423
What is -ff5f (base 16) in base 13?
-239ab
-11556810 (base 9) to base 7
-66000663
Convert 87db1 (base 15) to base 12.
189a04
Convert -1446697 (base 11) to base 8.
-11361713
What is 1214103 (base 6) in base 10?
64407
c425c (base 15) to base 2
10010111101111100001
-a5af (base 16) to base 2
-1010010110101111
1972aaa (base 12) to base 13
1162a77
63407 (base 10) to base 16
f7af
What is -69b50 (base 12) in base 5?
-14012422
What is 22201120220 (base 3) in base 7?
1313466
Convert -1000111001111100110000101 (base 2) to base 10.
-18676101
What is 21122340 (base 5) in base 7?
1333566
Convert 232200322 (base 4) to base 10.
190522
Convert 3622440 (base 8) to base 15.
149149
261227 (base 8) to base 14
2511d
11aac (base 15) to base 2
1101110001011100
What is 20100111020002 (base 3) in base 10?
3375434
50110 (base 10) to base 4
30032332
110001011101010 (base 2) to base 3
1021201212
-23050223 (base 7) to base 11
-1154840
14301144400 (base 5) to base 3
1022022201010201
Convert 299309 (base 12) to base 4.
2222331321
What is -a2221 (base 13) in base 6?
-10120145
Convert 108226 (base 11) to base 3.
22201220020
Convert 1683a (base 13) to base 9.
65157
-22030230123 (base 4) to base 11
-1566656
Convert -c55b63 (base 16) to base 11.
-7334550
3851e4 (base 15) to base 11
1584975
What is 62013 (base 7) in base 5?
440402
Convert 443031 (base 6) to base 14.
d679
Convert -14031012 (base 6) to base 3.
-212220122022
5064154 (base 7) to base 10
604111
Convert 42e4ef (base 16) to base 13.
ba6596
Convert -1101111000101111 (base 2) to base 12.
-28abb
What is -21302154 (base 6) in base 4?
-2121321112
What is 1075375 (base 9) in base 10?
581324
Convert 6934046 (base 11) to base 10.
12128122
10100110101101001011 (base 2) to base 8
2465513
-5355032 (base 8) to base 13
-3b1aba
What is 11515310 (base 6) in base 9?
620666
Convert 4313a0a (base 11) to base 2.
11100111100110110000011
What is 1341124113 (base 5) in base 6?
202041225
-d675 (base 16) to base 4
-31121311
20011121222202 (base 3) to base 9
6147882
Convert 10011111001010 (base 2) to base 11.
7720
What is 146557 (base 10) in base 16?
23c7d
What is -6606b (base 13) in base 5?
-21402022
Convert 668c (base 14) to base 13.
8116
What is -3209385 (base 10) in base 14?
-5d785b
What is -8c17 (base 16) in base 2?
-1000110000010111
What is -125561501 (base 7) in base 12?
-2867022
Convert 10341032 (base 7) to base 10.
883934
What is 110110111001110111101 (base 2) in base 15?
258101
What is 658a65 (base 11) in base 12?
428580
-10001111100111010111 (base 2) to base 8
-2174727
9e22d0 (base 16) to base 6
1010043344
10011011011100101 (base 2) to base 6
1412245
What is -15050603 (base 7) in base 3?
-2200100111002
2614a (base 11) to base 16
9243
What is -101010101000011111000111 (base 2) in base 14?
-16acbb1
-20022201 (base 4) to base 2
-1000001010100001
Convert 72543b (base 13) to base 16.
28b56c
Convert 11101110011110010 (base 2) to base 16.
1dcf2
What is 38906a (base 16) in base 13?
9ca3aa
What is cc515 (base 14) in base 5?
111314134
1228b7 (base 12) to base 11
191749
32777 (base 10) to base 9
48858
-5575621 (base 8) to base 12
-607781
Convert 311103 (base 6) to base 2.
110000100101111
What is 264062 (base 8) in base 7?
532556
What is 3204213414 (base 5) in base 14?
c69724
-2170390 (base 10) to base 16
-211e16
Convert -3214543 (base 6) to base 4.
-212202333
-421544 (base 9) to base 6
-5211404
Convert -3177163 (base 11) to base 2.
-10101010100001100010000
What is -1